{"id":152,"date":"2012-03-06T20:48:57","date_gmt":"2012-03-06T19:48:57","guid":{"rendered":"http:\/\/dev.zighed.com\/blog\/?page_id=152"},"modified":"2014-11-04T18:09:22","modified_gmt":"2014-11-04T17:09:22","slug":"comite-de-programmes","status":"publish","type":"page","link":"https:\/\/dev.zighed.com\/?page_id=152","title":{"rendered":"Conf\u00e9rences"},"content":{"rendered":"<ul>\n<li><a href=\"http:\/\/dev.zighed.com\/?page_id=152\">Comit\u00e9 de Programme de Conf\u00e9rences<\/a><\/li>\n<li><a href=\"http:\/\/dev.zighed.com\/?page_id=152&amp;lang=en&amp;section=invited\">Conf\u00e9rencier invit\u00e9<\/a><\/li>\n<li><a href=\"http:\/\/dev.zighed.com\/?page_id=295\">Organisation de manifestations<\/a><\/li>\n<li><a href=\"http:\/\/dev.zighed.com\/?page_id=351\">Expertises<\/a><\/li>\n<li><a href=\"http:\/\/dev.zighed.com\/?page_id=164\">Associations<\/a><\/li>\n<li><a href=\"http:\/\/dev.zighed.com\/?page_id=166\">Relecteur de revues<\/a><\/li>\n<li><a href=\"http:\/\/dev.zighed.com\/?page_id=169\">\u00c9dition de revues<\/a><\/li>\n<\/ul>\n","protected":false},"excerpt":{"rendered":"<p>Comit\u00e9 de Programme de Conf\u00e9rences Conf\u00e9rencier invit\u00e9 Organisation de manifestations Expertises Associations Relecteur de revues \u00c9dition de revues<\/p>\n","protected":false},"author":1,"featured_media":0,"parent":148,"menu_order":0,"comment_status":"closed","ping_status":"open","template":"","meta":{"footnotes":""},"class_list":["post-152","page","type-page","status-publish","hentry"],"_links":{"self":[{"href":"https:\/\/dev.zighed.com\/index.php?rest_route=\/wp\/v2\/pages\/152","targetHints":{"allow":["GET"]}}],"collection":[{"href":"https:\/\/dev.zighed.com\/index.php?rest_route=\/wp\/v2\/pages"}],"about":[{"href":"https:\/\/dev.zighed.com\/index.php?rest_route=\/wp\/v2\/types\/page"}],"author":[{"embeddable":true,"href":"https:\/\/dev.zighed.com\/index.php?rest_route=\/wp\/v2\/users\/1"}],"replies":[{"embeddable":true,"href":"https:\/\/dev.zighed.com\/index.php?rest_route=%2Fwp%2Fv2%2Fcomments&post=152"}],"version-history":[{"count":0,"href":"https:\/\/dev.zighed.com\/index.php?rest_route=\/wp\/v2\/pages\/152\/revisions"}],"up":[{"embeddable":true,"href":"https:\/\/dev.zighed.com\/index.php?rest_route=\/wp\/v2\/pages\/148"}],"wp:attachment":[{"href":"https:\/\/dev.zighed.com\/index.php?rest_route=%2Fwp%2Fv2%2Fmedia&parent=152"}],"curies":[{"name":"wp","href":"https:\/\/api.w.org\/{rel}","templated":true}]}}