{"id":22,"date":"2012-02-23T09:11:37","date_gmt":"2012-02-23T08:11:37","guid":{"rendered":"http:\/\/dev.zighed.com\/blog\/?page_id=22"},"modified":"2021-10-16T23:16:53","modified_gmt":"2021-10-16T21:16:53","slug":"home","status":"publish","type":"page","link":"https:\/\/dev.zighed.com\/","title":{"rendered":"z"},"content":{"rendered":"<h6><span style=\"font-size: 2em;\">Djamel Abdelkader ZIGHED, Professeur<\/span><\/h6>\n<table border=\"0\" cellspacing=\"0\" cellpadding=\"0\">\n<tbody>\n<tr>\n<td rowspan=\"13\" valign=\"top\" width=\"183\">\u00a0\u00a0<a href=\"http:\/\/dev.zighed.com\/wp-content\/uploads\/2021\/10\/Photo-zighed.png\"><img loading=\"lazy\" decoding=\"async\" class=\"alignleft wp-image-716 size-medium\" title=\"Photo-Zighed\" src=\"http:\/\/dev.zighed.com\/wp-content\/uploads\/2021\/10\/Photo-zighed-285x300.png\" alt=\"\" width=\"285\" height=\"300\" srcset=\"https:\/\/dev.zighed.com\/wp-content\/uploads\/2021\/10\/Photo-zighed-285x300.png 285w, https:\/\/dev.zighed.com\/wp-content\/uploads\/2021\/10\/Photo-zighed-768x807.png 768w, https:\/\/dev.zighed.com\/wp-content\/uploads\/2021\/10\/Photo-zighed-974x1024.png 974w, https:\/\/dev.zighed.com\/wp-content\/uploads\/2021\/10\/Photo-zighed.png 1294w\" sizes=\"auto, (max-width: 285px) 100vw, 285px\" \/><\/a><\/td>\n<td valign=\"top\" width=\"276\"><\/td>\n<\/tr>\n<tr>\n<td valign=\"top\" width=\"276\">\n<table border=\"0\" cellspacing=\"0\" cellpadding=\"0\">\n<tbody>\n<tr>\n<td valign=\"top\" width=\"276\">\n<table border=\"0\" cellspacing=\"0\" cellpadding=\"0\">\n<tbody>\n<tr>\n<td valign=\"top\" width=\"276\">T\u00e9l., WhatsApp, Telegram :<\/td>\n<\/tr>\n<tr>\n<td valign=\"top\" width=\"276\">+33 (0) 651 596 758<\/td>\n<\/tr>\n<tr>\n<td valign=\"top\" width=\"276\">\u00a0Mail :\u00a0djamel@dev.zighed.com<\/td>\n<\/tr>\n<tr>\n<td valign=\"top\" width=\"276\">\u00a0<strong><em>ou :<\/em><\/strong>\u00a0abdelkader@dev.zighed.com<\/td>\n<\/tr>\n<tr>\n<td valign=\"top\" width=\"276\">\u00a0Id Skype\u00a0: dzighed<\/td>\n<\/tr>\n<tr>\n<td valign=\"top\" width=\"276\">========================<\/td>\n<\/tr>\n<\/tbody>\n<\/table>\n<table border=\"0\" cellspacing=\"0\" cellpadding=\"0\">\n<tbody>\n<tr>\n<td valign=\"top\" width=\"276\">\n<table border=\"0\" cellspacing=\"0\" cellpadding=\"0\">\n<tbody>\n<tr>\n<td valign=\"top\" width=\"276\">ERIC Lab. Universit\u00e9 de Lyon<\/td>\n<\/tr>\n<tr>\n<td valign=\"top\" width=\"276\">Campus porte des Alpes, B\u00e2t K<\/td>\n<\/tr>\n<tr>\n<td valign=\"top\" width=\"276\">5 av. Pierre Mend\u00e8s-France<\/td>\n<\/tr>\n<tr>\n<td valign=\"top\" width=\"276\">69600 Bron,\u00a0France<\/td>\n<\/tr>\n<\/tbody>\n<\/table>\n<\/td>\n<\/tr>\n<\/tbody>\n<\/table>\n<\/td>\n<\/tr>\n<\/tbody>\n<\/table>\n<table border=\"0\" cellspacing=\"0\" cellpadding=\"0\">\n<tbody>\n<tr>\n<td valign=\"top\" width=\"276\">\u00a0========================<\/td>\n<\/tr>\n<tr>\n<td valign=\"top\" width=\"276\">\u00a0<em><strong><a href=\"http:\/\/dev.zighed.com\/wp-content\/uploads\/2019\/12\/CV-Francais-Decembre2019.pdf\">T\u00e9l\u00e9charger le\u00a0<\/a><\/strong>CV \u00a0d\u00e9taill\u00e9 en Fran\u00e7ais<\/em><\/td>\n<\/tr>\n<tr>\n<td valign=\"top\" width=\"276\"><\/td>\n<\/tr>\n<\/tbody>\n<\/table>\n<\/td>\n<\/tr>\n<\/tbody>\n<\/table>\n<h1>Positions et fonctions r\u00e9centes<\/h1>\n<ul>\n<li>Directeur du num\u00e9rique \u00e0 l&rsquo;Agence Universitaire de la Francophonie (<a href=\"http:\/\/www.auf.org\">AUF<\/a>) de septembre 2016 \u00e0 avril 2020 : En charge; d&rsquo;une part, de la transformation num\u00e9rique de l&rsquo;agence : modernisation et <em>nuagisation<\/em> des infrastructures, mise en place de progiciel de gestion int\u00e9gr\u00e9e&#8230; et, d&rsquo;autre part, de la mise en oeuvre des programmes de l&rsquo;initiative pour le d\u00e9veloppement du num\u00e9rique dans l&rsquo;espace universitaire francophone <a href=\"https:\/\/idneuf.auf.org\">(IDNEUF)<\/a>.\u00a0Cette initiative vise \u00e0 accompagner les \u00e9tablissements membres de l&rsquo;AUF dans leur transformation digitale pour am\u00e9liorer la qualit\u00e9 de la formation, de la recherche et de la gouvernance au sein de leurs structures gr\u00e2ce au num\u00e9rique. La plaquette de pr\u00e9sentation d&rsquo;IDNEUF est accessible <a href=\"https:\/\/s3.eu.cloud-object-storage.appdomain.cloud\/auf-wp-bucket\/2020\/Plaquette_IDNEUF_2020.pdf\">ici<\/a>;<\/li>\n<\/ul>\n<ul>\n<li>Professeur des universit\u00e9s classe exceptionnelle II; Universit\u00e9 de Lyon ;<\/li>\n<li>Co-fondateur et ancien Pr\u00e9sident de l&rsquo;association\u00a0<strong><a href=\"http:\/\/editions-rnti.fr\/index.php?lg=fr\" target=\"_blank\">RNTI<\/a>\u00a0;<\/strong><\/li>\n<li>Co-fondateur et co-Directeur de la Revue des Nouvelles Technologies de l&rsquo;Information\u00a0<strong><a href=\"http:\/\/editions-rnti.fr\/index.php?lg=fr\" target=\"_blank\">RNTI<\/a>.<\/strong><\/li>\n<\/ul>\n<div>Pr\u00e9c\u00e9demment :<\/div>\n<div>\n<ul>\n<li>Directeur de l<a href=\"https:\/\/www.msh-lse.fr\/\">&lsquo;Institut des Sciences de l&rsquo;Homme &#8211; Maison des Sciences de l&rsquo;Homme Lyon_Saint-Etienne<\/a><\/li>\n<li>Co-fondateur &#8211; Vice-Pr\u00e9sident &#8211; Pr\u00e9sident et ensuite Vice-Pr\u00e9sident de l&rsquo;Association Internationale Francophone\u00a0\u00a0<strong>\u00ab\u00a0<a href=\"http:\/\/www.egc.asso.fr\/\" target=\"_blank\">Extraction et Gestion des Connaissances EGC<\/a>\u00ab\u00a0<\/strong><\/li>\n<\/ul>\n<\/div>\n<ul>\n<li>Co-fondateur et coordonnateur principal du Master Europ\u00e9en Erasmus Mundus \u00a0<strong><a href=\"www.em-dmkm.eu\" target=\"_blank\">Data Mining and Knowledge Management DMKM<\/a><\/strong><\/li>\n<li>Expert consultant en strat\u00e9gie num\u00e9rique et fouille dans les grandes bases de donn\u00e9es (Data Mining, \u00a0big data, intelligence artificielle)<\/li>\n<\/ul>\n<p><span style=\"color: #000080;\"><em>Mise \u00e0 jour le\u00a016 octobre 2021<\/em><\/span><\/p>\n<p style=\"text-align: center;\"><span style=\"color: #ff0000;\"><em><span style=\"color: #ff0000;\">Cliquez pour\u00a0<\/span><span style=\"color: #0000ff;\"><strong><a href=\"http:\/\/dev.zighed.com\/wp-content\/uploads\/2020\/05\/D-A-Zighed-Rapp-Activite.pdf\"><span style=\"color: #0000ff;\">T\u00e9l\u00e9charger le\u00a0<\/span><\/a><\/strong><\/span>CV \u00a0d\u00e9taill\u00e9 en Fran\u00e7ais<\/em><\/span><\/p>\n<p style=\"text-align: center;\"><em>For\u00a0English\u00a0version of my CV, please send me an email<\/em><\/p>\n<p>\u00a0<\/p>\n","protected":false},"excerpt":{"rendered":"<p>Djamel Abdelkader ZIGHED, Professeur \u00a0\u00a0 T\u00e9l., WhatsApp, Telegram : +33 (0) 651 596 758 \u00a0Mail :\u00a0djamel@dev.zighed.com \u00a0ou :\u00a0abdelkader@dev.zighed.com \u00a0Id Skype\u00a0: dzighed ======================== ERIC Lab. Universit\u00e9 de Lyon Campus porte des Alpes, B\u00e2t K 5 av. Pierre Mend\u00e8s-France 69600 Bron,\u00a0France \u00a0======================== \u00a0T\u00e9l\u00e9charger le\u00a0CV \u00a0d\u00e9taill\u00e9 en Fran\u00e7ais Positions et fonctions r\u00e9centes Directeur du num\u00e9rique \u00e0 l&rsquo;Agence Universitaire [&hellip;]<\/p>\n","protected":false},"author":1,"featured_media":0,"parent":0,"menu_order":0,"comment_status":"closed","ping_status":"open","template":"","meta":{"footnotes":""},"class_list":["post-22","page","type-page","status-publish","hentry"],"_links":{"self":[{"href":"https:\/\/dev.zighed.com\/index.php?rest_route=\/wp\/v2\/pages\/22","targetHints":{"allow":["GET"]}}],"collection":[{"href":"https:\/\/dev.zighed.com\/index.php?rest_route=\/wp\/v2\/pages"}],"about":[{"href":"https:\/\/dev.zighed.com\/index.php?rest_route=\/wp\/v2\/types\/page"}],"author":[{"embeddable":true,"href":"https:\/\/dev.zighed.com\/index.php?rest_route=\/wp\/v2\/users\/1"}],"replies":[{"embeddable":true,"href":"https:\/\/dev.zighed.com\/index.php?rest_route=%2Fwp%2Fv2%2Fcomments&post=22"}],"version-history":[{"count":0,"href":"https:\/\/dev.zighed.com\/index.php?rest_route=\/wp\/v2\/pages\/22\/revisions"}],"wp:attachment":[{"href":"https:\/\/dev.zighed.com\/index.php?rest_route=%2Fwp%2Fv2%2Fmedia&parent=22"}],"curies":[{"name":"wp","href":"https:\/\/api.w.org\/{rel}","templated":true}]}}

<h6><span style="font-size: 2em;">Djamel Abdelkader ZIGHED, Professeur</span></h6>
<table border="0" cellspacing="0" cellpadding="0">
<tbody>
<tr>
<td rowspan="13" valign="top" width="183">  <a href="http://dev.zighed.com/wp-content/uploads/2021/10/Photo-zighed.png"><img loading="lazy" decoding="async" class="alignleft wp-image-716 size-medium" title="Photo-Zighed" src="http://dev.zighed.com/wp-content/uploads/2021/10/Photo-zighed-285x300.png" alt="" width="285" height="300" srcset="https://dev.zighed.com/wp-content/uploads/2021/10/Photo-zighed-285x300.png 285w, https://dev.zighed.com/wp-content/uploads/2021/10/Photo-zighed-768x807.png 768w, https://dev.zighed.com/wp-content/uploads/2021/10/Photo-zighed-974x1024.png 974w, https://dev.zighed.com/wp-content/uploads/2021/10/Photo-zighed.png 1294w" sizes="auto, (max-width: 285px) 100vw, 285px" /></a></td>
<td valign="top" width="276"></td>
</tr>
<tr>
<td valign="top" width="276">
<table border="0" cellspacing="0" cellpadding="0">
<tbody>
<tr>
<td valign="top" width="276">
<table border="0" cellspacing="0" cellpadding="0">
<tbody>
<tr>
<td valign="top" width="276">Tél., WhatsApp, Telegram :</td>
</tr>
<tr>
<td valign="top" width="276">+33 (0) 651 596 758</td>
</tr>
<tr>
<td valign="top" width="276"> Mail : djamel@dev.zighed.com</td>
</tr>
<tr>
<td valign="top" width="276"> <strong><em>ou :</em></strong> abdelkader@dev.zighed.com</td>
</tr>
<tr>
<td valign="top" width="276"> Id Skype : dzighed</td>
</tr>
<tr>
<td valign="top" width="276">========================</td>
</tr>
</tbody>
</table>
<table border="0" cellspacing="0" cellpadding="0">
<tbody>
<tr>
<td valign="top" width="276">
<table border="0" cellspacing="0" cellpadding="0">
<tbody>
<tr>
<td valign="top" width="276">ERIC Lab. Université de Lyon</td>
</tr>
<tr>
<td valign="top" width="276">Campus porte des Alpes, Bât K</td>
</tr>
<tr>
<td valign="top" width="276">5 av. Pierre Mendès-France</td>
</tr>
<tr>
<td valign="top" width="276">69600 Bron, France</td>
</tr>
</tbody>
</table>
</td>
</tr>
</tbody>
</table>
</td>
</tr>
</tbody>
</table>
<table border="0" cellspacing="0" cellpadding="0">
<tbody>
<tr>
<td valign="top" width="276"> ========================</td>
</tr>
<tr>
<td valign="top" width="276"> <em><strong><a href="http://dev.zighed.com/wp-content/uploads/2019/12/CV-Francais-Decembre2019.pdf">Télécharger le </a></strong>CV  détaillé en Français</em></td>
</tr>
<tr>
<td valign="top" width="276"></td>
</tr>
</tbody>
</table>
</td>
</tr>
</tbody>
</table>
<h1>Positions et fonctions récentes</h1>
<ul>
<li>Directeur du numérique à l&rsquo;Agence Universitaire de la Francophonie (<a href="http://www.auf.org">AUF</a>) de septembre 2016 à avril 2020 : En charge; d&rsquo;une part, de la transformation numérique de l&rsquo;agence : modernisation et <em>nuagisation</em> des infrastructures, mise en place de progiciel de gestion intégrée&#8230; et, d&rsquo;autre part, de la mise en oeuvre des programmes de l&rsquo;initiative pour le développement du numérique dans l&rsquo;espace universitaire francophone <a href="https://idneuf.auf.org">(IDNEUF)</a>. Cette initiative vise à accompagner les établissements membres de l&rsquo;AUF dans leur transformation digitale pour améliorer la qualité de la formation, de la recherche et de la gouvernance au sein de leurs structures grâce au numérique. La plaquette de présentation d&rsquo;IDNEUF est accessible <a href="https://s3.eu.cloud-object-storage.appdomain.cloud/auf-wp-bucket/2020/Plaquette_IDNEUF_2020.pdf">ici</a>;</li>
</ul>
<ul>
<li>Professeur des universités classe exceptionnelle II; Université de Lyon ;</li>
<li>Co-fondateur et ancien Président de l&rsquo;association <strong><a href="http://editions-rnti.fr/index.php?lg=fr" target="_blank">RNTI</a> ;</strong></li>
<li>Co-fondateur et co-Directeur de la Revue des Nouvelles Technologies de l&rsquo;Information <strong><a href="http://editions-rnti.fr/index.php?lg=fr" target="_blank">RNTI</a>.</strong></li>
</ul>
<div>Précédemment :</div>
<div>
<ul>
<li>Directeur de l<a href="https://www.msh-lse.fr/">&lsquo;Institut des Sciences de l&rsquo;Homme &#8211; Maison des Sciences de l&rsquo;Homme Lyon_Saint-Etienne</a></li>
<li>Co-fondateur &#8211; Vice-Président &#8211; Président et ensuite Vice-Président de l&rsquo;Association Internationale Francophone  <strong>« <a href="http://www.egc.asso.fr/" target="_blank">Extraction et Gestion des Connaissances EGC</a>« </strong></li>
</ul>
</div>
<ul>
<li>Co-fondateur et coordonnateur principal du Master Européen Erasmus Mundus  <strong><a href="www.em-dmkm.eu" target="_blank">Data Mining and Knowledge Management DMKM</a></strong></li>
<li>Expert consultant en stratégie numérique et fouille dans les grandes bases de données (Data Mining,  big data, intelligence artificielle)</li>
</ul>
<p><span style="color: #000080;"><em>Mise à jour le 16 octobre 2021</em></span></p>
<p style="text-align: center;"><span style="color: #ff0000;"><em><span style="color: #ff0000;">Cliquez pour </span><span style="color: #0000ff;"><strong><a href="http://dev.zighed.com/wp-content/uploads/2020/05/D-A-Zighed-Rapp-Activite.pdf"><span style="color: #0000ff;">Télécharger le </span></a></strong></span>CV  détaillé en Français</em></span></p>
<p style="text-align: center;"><em>For English version of my CV, please send me an email</em></p>
<p> </p>

<p>Djamel Abdelkader ZIGHED, Professeur    Tél., WhatsApp, Telegram : +33 (0) 651 596 758  Mail : djamel@dev.zighed.com  ou : abdelkader@dev.zighed.com  Id Skype : dzighed ======================== ERIC Lab. Université de Lyon Campus porte des Alpes, Bât K 5 av. Pierre Mendès-France 69600 Bron, France  ========================  Télécharger le CV  détaillé en Français Positions et fonctions récentes Directeur du numérique à l&rsquo;Agence Universitaire [&hellip;]</p>
